composite number?
True
Is 23152439 prime?
True
Is 4576087 prime?
True
Is 800031019 a prime number?
True
Is 40827671 prime?
True
Is 51423703 composite?
False
Is 14118289 a prime number?
False
Is 26929313 composite?
True
Is 1760683857 prime?
False
Is 595613 a composite number?
False
Is 12565727 a prime number?
True
Is 857421401 a composite number?
True
Is 7513321 composite?
False
Is 12585257 composite?
True
Is 278947 composite?
False
Is 6922657 a composite number?
True
Is 71443653 a composite number?
True
Is 71241787 composite?
True
Is 8082059 a composite number?
True
Is 21407333 a prime number?
True
Is 9341147 prime?
False
Is 337835397 a composite number?
True
Is 242423 a composite number?
True
Is 79318357 a composite number?
False
Is 404531939 composite?
True
Is 16699087 prime?
True
Is 223950941 a composite number?
False
Is 2246077 composite?
False
Is 20847319 a prime number?
True
Is 67464809 prime?
True
Is 12777909 composite?
True
Is 893008889 prime?
True
Is 3881359 a composite number?
False
Is 274035403 a composite number?
True
Is 322007519 a prime number?
True
Is 27907423 prime?
True
Is 170028421 composite?
True
Is 467065723 a prime number?
True
Is 1629197 a composite number?
False
Is 54479699 prime?
False
Is 34272341 a prime number?
True
Is 3959947 a composite number?
False
Is 343681711 a composite number?
False
Is 307123431 composite?
True
Is 140262089 prime?
False
Is 3831379 composite?
False
Is 49103111 a composite number?
False
Is 142827007 a composite number?
False
Is 9754441 a composite number?
True
Is 434741011 a prime number?
True
Is 273492299 a prime number?
False
Is 10972679 composite?
True
Is 788191 prime?
False
Is 145607999 a prime number?
True
Is 235792861 a composite number?
False
Is 1882099 a prime number?
True
Is 282439 a prime number?
True
Is 4307629 a composite number?
False
Is 5010491 a composite number?
False
Is 28798439 prime?
True
Is 210437 a prime number?
True
Is 1226903 a composite number?
True
Is 24386227 composite?
True
Is 43684379 a prime number?
True
Is 40346809 composite?
True
Is 676345127 a prime number?
True
Is 1879181 prime?
False
Is 1128559 composite?
True
Is 217508657 composite?
False
Is 97374281 a composite number?
False
Is 15344717 a composite number?
False
Is 822517 a prime number?
True
Is 15588922 composite?
True
Is 1753931 composite?
False
Is 18878053 prime?
False
Is 44360539 a composite number?
False
Is 18262631 a prime number?
True
Is 10994021 prime?
True
Is 27397505 prime?
False
Is 12844003 a prime number?
True
Is 18963179 a prime number?
True
Is 1234313 prime?
False
Is 69283769 prime?
False
Is 13664069 prime?
True
Is 14199501 composite?
True
Is 698627 a prime number?
False
Is 35999305 composite?
True
Is 30856201 a prime number?
True
Is 1527173 composite?
False
Is 683939 a composite number?
False
Is 1965667 composite?
True
Is 3485737 prime?
True
Is 1450799 a prime number?
False
Is 42725695 a composite number?
True
Is 1361657 a composite number?
True
Is 45631897 composite?
False
Is 3446461 prime?
False
Is 1450429 prime?
True
Is 408538643 a composite number?
False
Is 89567697 a composite number?
True
Is 75391837 composite?
False
Is 12206021 composite?
False
Is 454283 a prime number?
False
Is 532208023 prime?
False
Is 958701 a prime number?
False
Is 130434457 a composite number?
False
Is 31643041 a composite number?
False
Is 4842821 prime?
True
Is 21242191 a prime number?
True
Is 1148159697 composite?
True
Is 59678141 prime?
False
Is 487571 prime?
False
Is 3638639 composite?
False
Is 211852843 prime?
True
Is 97562639 a composite number?
False
Is 7005829 composite?
True
Is 108445723 a prime number?
True
Is 7143049 a prime number?
True
Is 11816237 prime?
True
Is 4465031 composite?
False
Is 12386977 a prime number?
True
Is 2881937 a composite number?
False
Is 126425609 a prime number?
True
Is 748963 a prime number?
True
Is 509203 a composite number?
False
Is 27246719 prime?
False
Is 38592863 a prime number?
True
Is 30923899 composite?
False
Is 91734259 a prime number?
False
Is 123251053 composite?
True
Is 825001 prime?
True
Is 670097 prime?
True
Is 5564681 a prime number?
False
Is 8130497 a composite number?
True
Is 6317471 a composite number?
False
Is 8839871 prime?
True
Is 6444371 a composite number?
False
Is 2185879 a prime number?
False
Is 8906489 a prime number?
True
Is 42700877 a composite number?
True
Is 94800809 composite?
True
Is 180865319 a prime number?
True
Is 92899397 prime?
True
Is 50465719 a composite number?
False
Is 4891793 composite?
True
Is 35690357 a composite number?
True
Is 98875391 composite?
False
Is 13441919 composite?
True
Is 9474131 a composite number?
True
Is 10371719 composite?
False
Is 101838115 prime?
False
Is 719461 prime?
False
Is 200005391 composite?
True
Is 1566731 composite?
False
Is 6345253 a composite number?
False
Is 6985073 prime?
True
Is 2136201 a composite number?
True
Is 121883 composite?
False
Is 3504409 prime?
False
Is 6624185 prime?
False
Is 912199 prime?
False
Is 135483913 prime?
True
Is 87638237 prime?
False
Is 107923 prime?
True
Is 3142747 composite?
False
Is 10806541 prime?
False
Is 61406035 composite?
True
Is 3081151 a prime number?
True
Is 1614437 a prime number?
False
Is 1136623 a prime number?
True
Is 34994273 a composite number?
True
Is 20313941 prime?
True
Is 97437029 composite?
True
Is 71408011 composite?
False
Is 6866309 composite?
True
Is 365058661 composite?
True
Is 37307 a composite number?
False
Is 229819 a composite number?
False
Is 76234153 composite?
False
Is 29300001 a composite number?
True
Is 102520063 prime?
True
Is 7104187 a composite number?
True
Is 329208323 a composite number?
False
Is 432631 a composite number?
False
Is 52257643 prime?
False
Is 192251921 composite?
False
Is 45292883 prime?
True
Is 894092149 composite?
False
Is 63105521 composite?
True
Is 3497419 a composite number?
False
Is 32775647 composite?
False
Is 43015927 a composite number?
True
Is 52835633 a prime number?
False
Is 725764781 composite?
True
Is 17756239 a composite number?
True
Is 219806049 a composite number?
True
Is 26373463 a composite number?
True
Is 261717007 a prime number?
False
Is 578717 prime?
False
Is 19305751 composite?
False
Is 38976107 a prime number?
True
Is 13731349 prime?
False
Is 1382435 a composite number?
True
Is 7663813 a composite number?
False
Is 447772233 a composite number?
True
Is 6117842 a prime number?
False
Is 139419409 a prime number?
False
Is 184187581 a prime number?
True
Is 921829 a prime number?
False
Is 116616287 composite?
False
Is 912731 composite?
True
Is 701827729 prime?
False
Is 37634042 a composite number?
True
Is 35202833 a composite number?
True
Is 59497799 composite?
False
Is 29180035 prime?
False
Is 9260899 a composite number?
False
Is 15106213 a prime number?
False
Is 270331 a composite number?
True
Is 2332103 composite?
False
Is 181918181 a prime number?
False
Is 573351947 a prime number?
False
Is 7623995 composite?
True
Is 1681003 a prime number?
True
Is 373986367 a composite number?
True
Is 1000057 a prime number?
False
Is 2521793 prime?
False
Is 140355283 composite?
True
Is 5859977 a prime number?
True
Is 3239219 a prime number?
True
Is 83429 a prime number?
False
Is 178651969 prime?
True
Is 598363 composite?
False
Is 75129269 a composite number?
False
Is 6863771 a composite number?
False
Is 66830983 composite?
True
Is 240257 composite?
False
Is 44179211 a prime number?
True
Is 12234395 prime?
False
Is 11910529 prime?
True
Is 60493271 a composite number?
True
Is 171371 composite?
True
Is 16964009 a composite number?
True
Is 3691223 a prime number?
True
Is 20188981 composite?
False
Is 47467279 composite?
False
Is 14380159 prime?
False
Is 275826883 a composite number?
False
Is 138177421 a composite number?
True
Is 292927 a composite number?
True
Is 203677459 a prime number?
False
Is 81042217 prime?
False
Is 4639741 composite?
False
Is 27070627 a composite number?
False
Is 1350823 prime?
True
Is 9686461 composite?
False
Is 2102813 composite?
True
Is 15199813 prime?
False
Is 854078 composite?
True
Is 53431465 a prime number?
False
Is 172790719 a composite number?
False
Is 2960435 a composite number?
True
Is 7640051 a composite number?
True
Is 6304973 composite?
False
Is 8194349 composite?
False
Is 105804451 pri